22020300
In base 7, what is 30 - -261606?
261636
In base 12, what is 178830439 + 5?
178830442
In base 9, what is -10848036 - -4?
-10848032
In base 3, what is 110020 - -1000002120?
1000112210
In base 3, what is 21200202220112 + 2?
21200202220121
In base 16, what is -2 - -181a3ae?
181a3ac
In base 7, what is 365020 + -246?
364441
In base 14, what is -1c - -861d8?
861ba
In base 7, what is -14156035 - 14?
-14156052
In base 11, what is 10466674 - 1?
10466673
In base 9, what is 35 - 58570?
-58534
In base 16, what is aeb82 + -13?
aeb6f
In base 2, what is 11011111 + 10001101011011?
10010000111010
In base 10, what is 40 - 53134?
-53094
In base 9, what is -168457 + 2432?
-166025
In base 4, what is 10111 + 3000103323?
3000120100
In base 7, what is -1113242 - 113?
-1113355
In base 6, what is 5 - 1253132120?
-1253132111
In base 3, what is -1012200122 - -211221?
-1011211201
In base 13, what is 5 - 161233c?
-1612337
In base 9, what is 162 + 60308?
60471
In base 12, what is -215 + 43b?
226
In base 5, what is 10344 + -3112?
2232
In base 4, what is -101112233212 + -110?
-101112233322
In base 10, what is 4 - 64932388?
-64932384
In base 7, what is 126 - 4051013?
-4050554
In base 14, what is -2091a + 5a?
-208a0
In base 6, what is 0 - 2141120434?
-2141120434
In base 12, what is 20 - 16b79?
-16b59
In base 12, what is 17211a0 + -7?
1721195
In base 5, what is -131 + 32000104?
31444423
In base 15, what is -8a4e6 - 6c2?
-8abb8
In base 2, what is 101000110101011011110011 + 0?
101000110101011011110011
In base 4, what is -10 + 10232101200?
10232101130
In base 14, what is -3 - -78a76a?
78a767
In base 13, what is -2 + -1a2ca40?
-1a2ca42
In base 2, what is -1001011111000 + 11011011100011?
10001111101011
In base 4, what is 10 - 111000032210?
-111000032200
In base 6, what is 0 + 32315312?
32315312
In base 9, what is -8018128 - 2?
-8018131
In base 9, what is 4 + 10504517?
10504522
In base 12, what is bb - 21113?
-21014
In base 6, what is -35223 - 2020?
-41243
In base 14, what is -67aca2 - -d?
-67ac93
In base 5, what is -34323220 - -12122?
-34311043
In base 10, what is 5688944 + -19?
5688925
In base 5, what is -20413134424 + -2?
-20413134431
In base 11, what is -229027 + -336?
-229362
In base 10, what is 27242358 - 0?
27242358
In base 16, what is -131e98 + 3?
-131e95
In base 9, what is 2676487 + 365?
2676863
In base 16, what is -2fef + -15d?
-314c
In base 6, what is 1104122024 - 50?
1104121534
In base 2, what is -111110110 - 10101011010?
-11101010000
In base 12, what is -1564 - 806?
-216a
In base 16, what is 735 + 1b787?
1bebc
In base 14, what is 18c - 1c75c?
-1c5b0
In base 15, what is 5d579 - 43?
5d536
In base 3, what is 111201 + 2221102022?
2221221000
In base 15, what is 4259 + 11cd3?
1603c
In base 4, what is -331113230310313 - 10?
-331113230310323
In base 5, what is -34420444141 - -1?
-34420444140
In base 12, what is -874439 - -4?
-874435
In base 13, what is -47ca8a84 + 3?
-47ca8a81
In base 9, what is 62 + -203014?
-202842
In base 4, what is 1010 + -20013020?
-20012010
In base 4, what is 20 - 21312010213?
-21312010133
In base 6, what is -2030 - 13312520?
-13314550
In base 14, what is -2 + 39199c1?
39199bd
In base 7, what is 0 - 1633320612?
-1633320612
In base 15, what is -12a23b - -60?
-12a1cb
In base 2, what is 10 + 10110000101111101111111?
10110000101111110000001
In base 5, what is 4241 + -113231?
-103440
In base 11, what is 1 - -a154a0?
a154a1
In base 3, what is 112022110000220 - 221?
112022102222222
In base 4, what is -21323003 + 131300?
-21131103
In base 4, what is -11 + 10223003221?
10223003210
In base 11, what is 8 + 1986a22?
1986a2a
In base 8, what is 4 + 162510240?
162510244
In base 15, what is -70703ac + 5?
-70703a7
In base 13, what is 165c - -2966?
42c5
In base 8, what is 3 + 56272150?
56272153
In base 6, what is -1 + 50002021?
50002020
In base 14, what is 56 + 37197?
3720d
In base 14, what is 165355a9 - -3?
165355ac
In base 16, what is -4aa28 + -2d6?
-4acfe
In base 12, what is -4202b8 + -b?
-420307
In base 9, what is 8780864 + -3?
8780861
In base 9, what is 5 + -3488556?
-3488551
In base 8, what is -6723442 + -15?
-6723457
In base 14, what is -1d967a35 + 0?
-1d967a35
In base 13, what is -500484 + 12?
-500472
In base 8, what is 1003276 + -156?
1003120
In base 13, what is 5986 - 611?
5375
In base 4, what is -3011 - 12130023?
-12133100
In base 10, what is 521643434 - 4?
521643430
In base 10, what is 1325 + -9880?
-8555
In base 3, what is 2012020022112110 + -200?
2012020022111210
In base 7, what is -3300 - -6413?
3113
In base 14, what is 91 - 9ca?
-939
In base 12, what is -36385 - -a5?
-362a0
In base 9, what is 142207 + 726?
143034
In base 4, what is -200310 + -2301302?
-3102212
In base 4, what is -30232231130 + 3?
-30232231121
In base 14, what is -362 - -401a2?
3dc40
In base 15, what is -311 - -4e76b?
4e45a
In base 4, what is 2322123 + 22330?
3011113
In base 7, what is 0 - -46151515?
46151515
In base 8, what is 11542 - -3224?
14766
In base 4, what is -110 + 311300?
311130
In base 8, what is -1410 + -33627?
-35237
In base 2, what is -100001000001011 - 1011011000?
-100010011100011
In base 11, what is 11188 - -4a7?
11684
In base 2, what is 11 - -1000001111010000011111001?
1000001111010000011111100
In base 13, what is a8ba7 - -59b?
a9475
In base 9, what is -7 + -46842548?
-46842556
In base 13, what is -cc3b - -bc?
-cb4c
In base 12, what is -441b805 + -10?
-441b815
In base 4, what is 211233 - -10103321?
10321220
In base 2, what is -11101100111111011011011001 - -101?
-11101100111111011011010100
In base 15, what is -2a156a4 + -5?
-2a156a9
In base 12, what is 349308 + -35?
349293
In base 14, what is 25 + -ca5814?
-ca57cd
In base 11, what is 1 - -1892713?
1892714
In base 14, what is -10a26 - 10c?
-10b34
In base 12, what is -42aa5b3 + -49?
-42aa640
In base 2, what is 100 - 111111110001010001000111110?
-111111110001010001000111010
In base 7, what is -6526342 - 1?
-6526343
In base 15, what is 4b04c + 15a3?
4c600
In base 8, what is -5220764 + 5?
-5220757
In base 8, what is -7170541 + 107?
-7170432
In base 13, what is -16 - 1816c2?
-181708
In base 15, what is -21b + -d492e?
-d4b4a
In base 3, what is -21 + -21101211022?
-21101211120
In base 3, what is -10101211 - 201200?
-11010111
In base 12, what is 15 - 1b2906?
-1b28b1
In base 7, what is -106464500 - 10?
-106464510
In base 6, what is 23325241 + 53?
23325334
In base 16, what is -1181352 - 18?
-118136a
In base 2, what is 110000111010101101010 - 110?
110000111010101100100
In base 11, what is -474934 - 53?
-474987
In base 13, what is 4 + -669c2693?
-669c268c
In base 6, what is 3 + 2100225335?
2100225342
In base 11, what is 930 - 739a?
-656a
In base 12, what is -1 + 47862224?
47862223
In base 7, what is -24601453532 + -3?
-24601453535
In base 8, what is 36 - 33363?
-33325
In base 15, what is -367 - 5e0b?
-6273
In base 16, what is 1c8e + 2bf?
1f4d
In base 5, what is 431023 - -2021?
433044
In base 5, what is 1443241 - 130241?
1313000
In base 8, what is 0 - -265676320?
265676320
In base 10, what is 4 + -19982?
-19978
In base 6, what is 2 - -10154300520?
10154300522
In base 8, what is 3 - 550376433?
-550376430
In base 16, what is -4 - -95df?
95db
In base 15, what is 431b5c - -3?
431b60
In base 6, what is 214 + -4524353?
-4524135
In base 4, what is -3023213231 - -1?
-3023213230
In base 6, what is 455135 + -1243?
453452
In base 10, what is -25610 + 17499?
-8111
In base 3, what is 12 + -1020201002110022?
-1020201002110010
In base 15, what is 269d9b35 - -5?
269d9b3a
In base 13, what is -7 - -b3a7?
b3a0
In base 16, what is -2610616 + 0?
-2610616
In base 13, what is -41a448 - 10?
-41a458
In base 10, what is -1163 + 100182?
99019
In base 11, what is -978 + 135120?
134253
In base 9, what is -12600 + -1016?
-13616
In base 3, what is 10201120210 + 22?
10201121002
In base 3, what is 2110120211 - -1210221?
2112101202
In base 7, what is 164122 + 61500?
255622
In base 7, what is -6 + 245125614?
245125605
In base 11, what is -11 + 2337286?
2337275
In base 6, what is -10410 - -5055?
-1311
In base 7, what is 212 - -2325655?
2326200
In base 13, what is 33aa746 - 4?
33aa742
In base 14, what is -2ab320 + 19?
-2ab305
In base 8, what is 154046 + 365?
154433
In base 6, what is -1451444 - 514?
-1452402
In base 16, what is -12d2a7 + -1?
-12d2a8
In base 13, wha